4*p**2 + p**3 + 2*p**2 - t*p**2 + 6*p + 1. Give x(u).
-6
Let g be (-102)/(-15) + -1 - (-32)/(-40). Let o(h) = -h**2 + h + 10. Determine o(g).
-10
Let w(m) = m**3 + 4*m**2 - 2*m - 1. Let d(p) = -p**3 + p - 1. Let k(j) = -2*d(j) - w(j). Suppose -4 = -3*u - 4*r, 5*r + 14 = u - 0*u. Determine k(u).
3
Suppose i + 2 = 0, 0*c + 3*i = -2*c. Let j(f) = -4*f - c*f + 5*f + 3*f. Determine j(2).
2
Let p = -14 + 12. Let m(s) = -6*s**2 - 3*s - 1. What is m(p)?
-19
Let k(d) = 7*d - 3 + 4 + d**2 + 4 - 1. Let c(p) = p**3 + 4*p**2 - 5*p - 6. Let b be c(-5). Calculate k(b).
-2
Let b(i) = 4*i**2 + 8*i - 2*i - 3*i**2 + 1. Suppose y = -5*m + 47, 0 = -0*m + 3*m + y - 27. Let p(t) = t - 14. Let n be p(m). Give b(n).
-7
Let h be (-253)/(-77) - 2/7. Let f(x) = 3*x**3 - 4*x**2 - 4. Let o(w) = -7*w**3 + 8*w**2 + w + 9. Let a(r) = -5*f(r) - 2*o(r). Give a(h).
5
Let x(b) = 4*b - 2. Let m(a) = -a + 1. Let t(p) = -3*m(p) - x(p). Let h be t(-6). Let z(o) = h*o**2 + 11*o**3 - 1 - 16*o**3 + 6*o**3 + 2*o. What is z(-4)?
7
Let l(h) = -h**3 - h**2 + h + 13. Let t be l(0). Suppose -o = -14 + t. Let a(x) be the first derivative of -5*x**4/4 - x**2/2 - 3. Calculate a(o).
-6
Suppose 5*t - 25 = -27*i + 29*i, -5*t + 5 = 2*i. Let z(k) = 2*k**3 - 5*k**2 + 6*k - 7. Calculate z(t).
20
Let g(y) = -2*y - 4. Let z = -96 - -101. Let x = z - 11. Give g(x).
8
Suppose 16 - 7 = -9*r. Let o(a) = 8*a**2 + a. Calculate o(r).
7
Let x(q) = -863 + 3*q + 845 - 2*q. Suppose u - 32 = -3*u. Give x(u).
-10
Let m(i) be the third derivative of i**5/60 - i**4/8 + i**3/6 + 7*i**2. Let o(w) = -6*w. Let n be o(-1). Let x be 4 + 3/n*2. Determine m(x).
11
Let l(b) = -b. Let z(k) be the third derivative of -k**6/40 + k**5/60 + 7*k**4/24 + k**3/6 - 22*k**2. Let v(o) = 5*l(o) + z(o). Give v(-1).
3
Suppose -6*i - 9 = -39. Suppose i*h = -22 - 8. Let y(r) = -r**2 - 5*r + 4. What is y(h)?
-2
Let t(u) = u**3 + 10*u**2 + 4. Let s = 355 - 365. Determine t(s).
4
Let p = -1 + 3. Let z(y) = 2*y - 2*y**2 + 0 + y**p - 1. Let k = -25721 + 25722. Calculate z(k).
0
Let s(f) = f**2 + 3*f - 3. Let t be (-84)/(-9) + (-4)/12. Suppose 9*x = 6*x - t. What is s(x)?
-3
Let n(r) be the first derivative of r**2/2 - 6*r - 42. Suppose -5*x - 2*f + 0*f = -24, -2*x = -f - 15. Calculate n(x).
0
Let m(q) = 3*q**2 + q + 2. Let o be m(-1). Suppose t = 4*x + 22, -t + 4 = -3*t - o*x. Let s(i) = 2*i + 5 - i - 5*i. What is s(t)?
-19
Let m(f) = -f + 7. Let o(x) = -7*x - 72. Let a be o(-11). Give m(a).
2
Let v = -1 - -1. Let x(w) = 0 + v - w**2 + 4 - 6*w. Let p be 2 + -5 + -3 - 0. Determine x(p).
4
Let r(o) = -3*o**2 + 0*o**3 - 3*o**2 - o**3 - 5*o. Let w be r(-5). Let m(h) = -h**2 - 1 + 10 + h**3 + 0*h**3. Give m(w).
9
Suppose -n - 5 - 4 = -2*z, -5*n = -z. Suppose -z*p - 8 = -4*p. Let j(m) = m + 13. Give j(p).
5
Let h(g) = g**2 - g + 4. Let x be h(3). Suppose j = -3*i - x, 14 = -j - i - 3*i. Suppose j = -d + 2*d. Let b(o) = -2*o**3 + 4*o**2 - 2*o - 1. Calculate b(d).
-5
Let s(v) be the first derivative of -5*v**2/2 - 4*v - 168. Give s(-5).
21
Let o(h) be the first derivative of -h**3 + 2*h**2 + h - 10. Let r(b) = -5 - b**2 + 0 - 2 + 4*b + 3*b. Let s be r(5). What is o(s)?
-14
Let h be 1088/(-187) + (-2)/11. Suppose 3*o - 7*o = -20. Let r = o + h. Let p(y) = y**3 - 2*y**2 - y. Determine p(r).
-2
Let v(k) be the first derivative of -5*k**4/24 + k**3/6 + 22*k**2 + 41. Let n(q) be the second derivative of v(q). Determine n(-1).
6
Let u(j) be the second derivative of 7*j - 5/2*j**2 + 0 - 1/6*j**3. What is u(-4)?
-1
Let o(q) = 8*q + 13. Let c(t) = 8*t + 14. Let p(i) = -4*c(i) + 5*o(i). Let f(d) = -d - 1. Let w(b) = 14*f(b) + 2*p(b). Give w(-6).
-8
Let d be 2*(-22)/(-77)*-7. Let i(f) = 2*f + 3 + 3 + 3*f. Let n(u) = 10*u + 12. Let c(t) = d*n(t) + 7*i(t). Give c(-4).
14
Let s be ((-79)/(-158))/(2/44). Let m(q) = q**3 - 9*q**2 - 15*q - 16. Give m(s).
61
Let r be 125/50*(9/5 + -1). Let g(h) be the first derivative of r - 1/3*h**3 + 5*h + 3/2*h**2. Give g(6).
-13
Let m = -1109 - -1114. Let g(z) = -z**3 + 4*z**2 + 7*z + 2. Determine g(m).
12
Let y(c) = -8*c - 63*c**3 + 7*c**2 - 1 - 10 + 64*c**3. Give y(-8).
-11
Let o(k) = k**3 + 2*k**2 + 3*k + 3. Let b be ((-5)/3)/((-8)/24). Suppose -y = -2*y + b. Let c = -7 + y. Calculate o(c).
-3
Let x(l) = -3*l**2 - 7*l**2 - 4 - 3*l + 9*l**2. Suppose -5*p + 35 = -12*p. Give x(p).
-14
Let m be (3/(-9))/((-28)/30 - -1). Let r(u) = -u - 1. Give r(m).
4
Let u(i) = 3*i - 3. Suppose 66*v - 435 = 69*v. Let k = 148 + v. Calculate u(k).
6
Let p(i) = -i**3 - 6*i**2 - 6*i + 1. Let k be p(-5). Let m(h) = 3*h - 14. What is m(k)?
4
Let h(d) = d**3 - 5*d**2 + 4*d - 9. Let o be 18 + (-23 - -6) - (-4 - 0). Calculate h(o).
11
Let i(q) be the third derivative of -q**4/12 + 3*q**3/2 - 55*q**2. Determine i(9).
-9
Suppose -36*o = -34*o + 8. Let g(n) = 18*n**3 - 17*n**3 - 2 - 2 - 6*n + 3*n**2 + 0. Give g(o).
4
Let s(p) = -20*p + p**2 + 11 + 18*p - 10. What is s(0)?
1
Let v(y) = 2*y**3 - 29*y**2 - 16*y + 9. Let n be v(15). Let w(d) be the first derivative of -1 - 1/2*d**2 + d. What is w(n)?
7
Suppose -24*o = -117 + 21. Let c(q) = -5 + 6*q + 3*q**2 + 5*q**2 - 9*q**2. What is c(o)?
3
Let k(q) = -q**3 + 6*q**2 - 5*q + 5. Let d(n) = -n**2 - 7*n - 1. Let v = 2 + 4. Let b be (10 + -11)*1*v. Let m be d(b). Determine k(m).
5
Let i(f) = -31*f + 2. Let z(d) = -15*d + 1. Let j(p) = 2*i(p) - 5*z(p). Calculate j(-1).
-14
Let x(u) be the second derivative of -3*u + 1/6*u**3 + 5/2*u**2 + 1/60*u**5 - 5/24*u**4 + 0. Let v(z) be the first derivative of x(z). Determine v(4).
-3
Let g = -32 - -26. Let f(a) be the first derivative of -a**3/3 - 3*a**2 - 2*a + 58. Determine f(g).
-2
Let c(p) = -15. Let i(l) = l - 2. Let g(j) = c(j) - 6*i(j). Let n be -3 + 0 + 330/10. Suppose 5*v = -7*q + 2*q - n, -12 = 3*v. Calculate g(q).
9
Let c be (-4)/16 + 6/(-8). Let z(u) = -5*u + 84 + 3*u**2 - 85 - 2*u**2 - 10*u**3 + 4*u. Calculate z(c).
11
Let b(r) = r**3 - 45*r**2 + r - 46. Let u be b(45). Let g(d) = d**3 - d**2 + 1. Let a(w) = -w**3 - 3*w**2 + 4. Let f(k) = a(k) - 4*g(k). What is f(u)?
6
Let g(q) = q**2 - 7*q + 4. Suppose -3*a = 303 + 75. Let w be (-1)/(a/62 + 2). Suppose -4*b = 3*v - 0*v - w, -b = -5*v - 2. Calculate g(b).
4
Let z be (2/(-4))/(1 - (-35)/(-30)). Suppose -4*b + 39 - 3 = 0. Suppose 2*g - b = z. Let x(l) = l**2 - 4*l - 6. Give x(g).
6
Let i(s) = -s - 16. Let l(v) = -v**3 + v**2 - 6. Let u be l(2). What is i(u)?
-6
Suppose -4*u = -3*u - a, -a + 30 = 5*u. Let f(j) = u*j - 8*j - 1 - 4*j. Determine f(1).
-8
Let i = -3 - -2. Let u(a) = -24*a**2 + a - 2*a - 8*a**3 + 22*a**2. Give u(i).
7
Let v be (-22)/(1 + (-3)/(-3)). Let g = 13 + v. Let n(a) = -a + 2 + g - 4 + 2. Determine n(0).
2
Let t = -1301 - -1315. Let q(g) = 10*g - 137. Determine q(t).
3
Let z(c) = -c**2 - 5*c + 8. Let s(x) be the third derivative of x**5/60 + x**4/6 - 7*x**3/6 + 34*x**2. Let q(k) = -5*s(k) - 4*z(k). Determine q(-4).
-13
Suppose -4*s = x + 5 - 26, 3*x - 15 = 0. Suppose 5*w + 60 = 4*f, -s*w - 7 = 4*f + 5. Let q = -9 - w. Let r(b) = -13*b**2. Give r(q).
-13
Let k(w) = -w + 1. Let b(h) = -8*h + 5. Let f(p) = 3*b(p) - 21*k(p). Calculate f(-3).
3
Suppose -5*x - 45*a + 50*a = -5, 4*x + 4 = -4*a. Let j(u) = -u. Calculate j(x).
0
Let y(j) = 29*j**2 - j + 7. Let d(c) = 28*c**2 - c + 6. Let k(h) = -7*d(h) + 6*y(h). Suppose 1 + 7 = -4*f, 3*w + 4*f + 5 = 0. What is k(w)?
-21
Let a(v) = -v**3 + 14*v**2 - v + 13. Suppose -837*c - 196 = -851*c. What is a(c)?
-1
Suppose 4*k = 0, k + k + 92 = -4*z. Let r = z - -22. Let w(a) = -16*a**3 + 2*a**2 - 1. What is w(r)?
17
Let x(y) = -2*y + 3. Let r(z) = -21*z + 28. Let u(w) = 3*r(w) - 28*x(w). Calculate u(1).
-7
Let u(a) = 0*a + 3*a + a. Let m(c) = -6*c - 8 - 18 + 3*c. Let q be m(-9). Give u(q).
4
Let v(i) be the second derivative of i**4/12 + i**2/2 + i - 39. Calculate v(3).
10
Let t(a) = -1. Let p(o) = 5*o + 13. Let r(y) = p(y) + 3*t(y). Let u(s) = -2. Let j(b) = -r(b) - 6*u(b). Give j(3).
-13
Let f = 0 + 4. Suppose -7*x = -2*x - 10. Let n(l) = -f + 9*l + 2 - l**x - 4. Calculate n(6).
12
Let r(t) = -t**3 + 8*t**2 + 11*t - 15. Let b be r(9). Let d(g) = -2*g**2 + 0*g**b + 4*g**3 - 1 - 3*g**3 - 2*g**3. Calculate d(-3).
8
Let d(s) = 4*s**2 - s - 2. Suppose -3*a + 22 = -5*g, 0 = -5*a + 2*g + 5 - 0. Determine d(a).
3
Let v(h) be the second derivative of 1/2*h**3 - 1/12*h**4 + 0 +